w(-6). Let k be z(s). Calculate the highest common factor of k and 63.
9
Suppose 4*o = 5*s - 3*s + 4, -4*s + 4 = -2*o. Suppose -3*t - o*t = 3*j - 63, -3*t - j = -37. Calculate the highest common factor of t and 84.
12
Let z = -21 + 63. Let y = 63 - z. Calculate the greatest common factor of 7 and y.
7
Suppose -320 = -7*u - 9*u. What is the greatest common divisor of 20 and u?
20
Let b = -7 + 7. Let q be (b - (4 + -3))/(-1). Calculate the greatest common factor of 4 and q.
1
Let h = 7 - 7. Let f be (2 + 3 + h)*1. Calculate the highest common divisor of 5 and f.
5
Let r = -10 + -5. Let c = 30 + r. Suppose -3*s + c = 6. What is the greatest common divisor of s and 3?
3
Let b(s) = 2*s + 9. Let g be b(-8). Let l = 1 - g. Calculate the greatest common divisor of 2 and l.
2
Let u(r) = -3*r + 3. Let d be u(-5). Let g be (-262)/(0 - -2) - -1. Let p = g - -220. What is the greatest common factor of d and p?
18
Suppose 0*z - 243 = -3*z. Calculate the greatest common factor of 9 and z.
9
Let i(c) = -c**2 - 2*c + 1. Let r be i(-3). Let o be (-3)/r + (-693)/(-6). Suppose 4*j - 34 = 18. What is the greatest common factor of o and j?
13
Let n = -3 + 21. What is the greatest common factor of n and 2?
2
Let o(n) = 15*n - 5. Let l be o(5). Suppose 4*k - 9 = -1. Suppose 50 = k*y - 6. What is the highest common divisor of l and y?
14
Let r(f) = 6*f - 57. Let y be r(14). Calculate the highest common factor of y and 297.
27
Suppose 2*h = 4*h - 90. What is the highest common divisor of 5 and h?
5
Let s(b) be the first derivative of 3*b**4 - b**3/3 + b**2/2 + 2. Let c be s(1). Suppose 216 = m + m. Calculate the greatest common divisor of c and m.
12
Let s be (17 - 1)/2 + 24/(-6). Let q(k) = k**3 + 4*k**2 + 3*k + 1. Let d be q(-3). Calculate the highest common factor of s and d.
1
Let m = 6 + -4. Suppose 4*n - 6 = 2*l, -2*l - 8 = -0*l - m*n. Let i = 10 + l. Calculate the highest common divisor of i and 10.
5
Let m = -37 - -39. Suppose 8 = 2*s - 0. What is the highest common factor of s and m?
2
Let m = -31 - -8. Let o = m - -35. What is the greatest common factor of 6 and o?
6
Let t(r) = r + 34. Let a be t(0). What is the highest common divisor of a and 85?
17
Let w = -6 - -8. Suppose 4*s - 8 + 0 = 0. Suppose 5*l = -5*y - 0*y + 10, -l + s*y = -8. What is the greatest common factor of l and w?
2
Let s(z) = z + 4. Let f be s(8). What is the greatest common divisor of f and 30?
6
Let j = -26 + 166. Calculate the greatest common factor of j and 35.
35
Suppose -39 - 15 = -2*h. Calculate the greatest common divisor of h and 18.
9
Let y = -66 + 105. What is the greatest common divisor of 195 and y?
39
Let w(r) = r**3 + 5*r**2 + r + 5. Let i be w(-5). Suppose -5*t - 34 + 174 = i. Calculate the greatest common divisor of 224 and t.
28
Let i(a) = 14*a - 1 - 14*a - 46*a. Let d be i(-2). What is the highest common divisor of 13 and d?
13
Let o = -56 - -94. What is the highest common factor of o and 95?
19
Suppose -5*d + 373 = a, -2*a + 220 = 3*d - 1. Suppose -4*l + 7*l - d = 0. Let b(g) = g**2 + 1. Let y be b(-2). Calculate the greatest common divisor of l and y.
5
Let s be ((-14)/10 + 1)*(-6 - 9). Calculate the greatest common factor of 6 and s.
6
Let z be (-2)/(-2)*2*-119. Let y be z/(-18) + (-8)/36. Calculate the highest common factor of y and 104.
13
Suppose -2*j - o + 57 = 0, 2*o + 45 = j - 3*o. Suppose 8*v = 4*v + 80. What is the greatest common divisor of v and j?
10
Suppose -7*g = -8*g + 36. What is the greatest common factor of g and 90?
18
Let h(f) = -f**3 + 6*f**2 + 9*f + 8. Let r be h(7). Calculate the highest common factor of 33 and r.
11
Let s be (-6 - -4) + (-4)/(-2). Suppose -3*k = -s*k - 27. Let d be (-1)/(-5) - 8/(-10). What is the greatest common factor of d and k?
1
Suppose -103 - 361 = -4*i. Suppose 4*j = 4*g - i, 6*g - 4*g + j = 52. Suppose -54 = 4*v - 7*v. What is the highest common factor of g and v?
9
Suppose -3*t + 19 = 2*d, 20 + 3 = 4*t + 5*d. What is the greatest common divisor of 35 and t?
7
Let o(r) = -5*r**2 + 0*r**3 + 1 + 7*r + 14*r**2 - 4*r**3 + 5*r**3. Let p be o(-7). Let m = p - 34. What is the highest common divisor of m and 16?
16
Let g be (-1 - 249) + 1 + -3. Let i = 357 + g. Suppose 0 = -3*z + 6*z - i. What is the highest common divisor of 7 and z?
7
Let r(o) = -o**3 - 3*o**2 - 6*o - 2. Let c be r(-5). What is the greatest common factor of c and 52?
26
Let t(a) = a**3 + 6*a**2 - 10*a - 11. Let u be t(-8). Let m = u + 87. What is the highest common divisor of 7 and m?
7
Suppose -1 = -j + 5. Suppose -3*t + 0*u = 3*u + 6, 3*u + j = -t. Suppose t*g + 6 = 2*g. Calculate the greatest common factor of 6 and g.
3
Let r = -6 + 2. Let c = r - -12. Let q(n) = -19*n + 2. Let h be q(-2). Calculate the greatest common factor of h and c.
8
Let l(c) = 3*c - 1. Let z be l(5). Calculate the greatest common divisor of z and 126.
14
Let r = -17 - -28. Calculate the greatest common factor of 99 and r.
11
Suppose 3*n - 2*u + 4*u - 5 = 0, 4*n = 5*u + 22. Let h(r) = r**2 + 4*r. Let k be h(n). Calculate the highest common divisor of 231 and k.
21
Suppose -11*l = -8*l - 1155. What is the highest common factor of l and 35?
35
Let c be 69 + 5/(5/3). Suppose -33 = -n - 4*a, 3*n - 4*a - c = -n. Suppose 5*y + n = 4*r + 2*y, -12 = 4*y. Calculate the highest common factor of r and 30.
3
Let a(t) = t**3 - 4*t**2 + 5*t + 4. Let c be a(4). Calculate the greatest common factor of c and 96.
24
Suppose -6*c - 3 = -5*c. Let m = c - -6. What is the highest common divisor of 3 and m?
3
Let w(c) = c + 19. Let v be w(5). Calculate the highest common divisor of 88 and v.
8
Suppose 4*d = 2*d + 18. Let n(j) = -j**3 + 9*j**2 + 7. Let c be n(d). Suppose -c - 5 = -q. Calculate the greatest common divisor of 18 and q.
6
Suppose -3*v + 0*v = -6. Calculate the greatest common divisor of v and 5.
1
Let h(v) = -v**2 + 10*v + 14. Let a = 9 - -1. Let m be h(a). Suppose 2*f - 3*f = -m. Calculate the highest common factor of 2 and f.
2
Let q be (37 - 2)*(8 + -6). What is the highest common factor of 10 and q?
10
Let k(y) = -5 + 0 + 2 + y. Let w be k(7). Let t = 25 - -3. What is the greatest common divisor of w and t?
4
Let x be 3/(((-36)/(-88))/3) - -2. Calculate the greatest common divisor of 96 and x.
24
Let l(u) = u - 4. Let n be l(5). Let w = 12 - n. Calculate the highest common divisor of 121 and w.
11
Let k(d) = d**2 - 10. Let f be k(0). Let h be (78/f - 1)*-5. Let q(y) = 2*y**2 - 3*y + 2. Let m be q(2). What is the highest common factor of h and m?
4
Let g(s) = -s + 12. Let y be g(0). Let c(o) = -o**3 - 3*o**2 + o + 6. Let z be c(-5). Let q = 87 - z. What is the greatest common divisor of y and q?
12
Let y = -11 + 13. Let t be y/8 - (-43)/4. What is the greatest common divisor of 11 and t?
11
Let p = 11 - 8. Calculate the greatest common divisor of 15 and p.
3
Let m be 4/(-12)*(-2 + -1). Let k be 4/(-6) + (-14)/(-3). What is the greatest common divisor of m and k?
1
Let b = 68 + -41. Calculate the highest common divisor of b and 189.
27
Let n(w) = -w**3 - 8*w**2 + w + 6. Let m be n(-8). Let p be 33*(20/6 + m). Calculate the highest common factor of p and 11.
11
Let u = 0 - -28. Calculate the highest common factor of 224 and u.
28
Suppose -12 = -4*u - 4*q, -q + 12 = 2*u + 2*u. Let b be (23/3)/(1/u). Let r = b - 13. What is the greatest common factor of 70 and r?
10
Let r(v) = -28*v**3 - v**2. Suppose -1 = -4*y + d, -d + 10 = -3*d. Let t be r(y). Calculate the greatest common divisor of t and 9.
9
Let h = -5 + 14. Let v = 13 - h. Suppose 2*p - 70 = -l, -3*p + l + v*l = -118. Calculate the highest common divisor of p and 12.
12
Let g = 97 + -88. Calculate the highest common divisor of g and 18.
9
Let v be 5/30 + (-166)/(-12). Let r(w) = -w**2 + w + 70. Let p be r(0). Calculate the greatest common factor of v and p.
14
Let b(l) = 4*l + 3. Let r be b(4). Calculate the greatest common divisor of 152 and r.
19
Suppose 2*m + 42 = -m. Let h = -10 - m. Suppose -5*a + 10 = -0. What is the highest common factor of a and h?
2
Suppose -64 = -4*w + 3*w. Suppose -w - 125 = -3*c. Let g = -7 - -14. What is the greatest common divisor of c and g?
7
Suppose 0 = -7*p + 15*p - 576. What is the greatest common divisor of p and 48?
24
Suppose 67 = 4*p + d, -6*d - 22 = -p - d. Calculate the highest common factor 